 w be (-6)/4*(-16)/12. What are the prime factors of (-3)/w*(-48)/9?
2
Let q(r) = -20*r - 16. What are the prime factors of q(-5)?
2, 3, 7
Let n be (-3 + 4)*(5 + 1). Suppose -2*v - n = -3*v. What are the prime factors of v?
2, 3
Suppose 0 = 2*f - 3*f - 3*b - 15, 20 = 4*f - 4*b. Suppose -4*z = d - 59, -2*z + 3*d + 36 + 11 = f. Suppose 3*x - z = x. List the prime factors of x.
2
Suppose -3*t + 16 + 152 = 0. What are the prime factors of t?
2, 7
Suppose 808 = 7*u - 2153. List the prime factors of u.
3, 47
Let w(g) = 3*g**2 + 2*g + 6. What are the prime factors of w(-5)?
71
Let t(c) = 2*c**2 - 12*c + 2. List the prime factors of t(-5).
2, 7
Let f be (2 + -4)*3/2. Let o be (-2)/3 - (-127)/f. Let c = -27 - o. What are the prime factors of c?
2
Suppose -93 = -5*s + 27. List the prime factors of s.
2, 3
Let i(h) = -h**3 - 5*h**2 + 4*h - 9. List the prime factors of i(-6).
3
Let t(o) = -o**3 + 6*o**2 - 4*o + 7. Let j = 1 - -17. Let r = -13 + j. What are the prime factors of t(r)?
2, 3
Suppose c + i = 1 + 19, -5*c = i - 88. What are the prime factors of c?
17
Let h = -1 - -20. List the prime factors of h.
19
Let s(p) = -p - 5. Let g be s(-3). What are the prime factors of g/(-9) - (-345)/27?
13
Let a be 1/1 + 2*18. Suppose -34 = -7*x + 5*x. Let j = a - x. List the prime factors of j.
2, 5
Let t = -36 - -12. Let y = -14 - t. What are the prime factors of y?
2, 5
Let q(d) be the second derivative of -d**5/20 - d**4/3 - 5*d**3/6 - d**2 + 2*d. List the prime factors of q(-3).
2
Let k = 14 + 0. List the prime factors of k.
2, 7
Suppose -3*h + 40 = 2*h. List the prime factors of h.
2
Let j be 6/(-2) + (-9)/(-3). Let g be 1 - j - (-1 + 0). Suppose -3*k + 4*s = -20, g*k = -k - 5*s + 2. List the prime factors of k.
2
Suppose -77 = -2*h - 2*u + 5*u, 2*h = -3*u + 95. Suppose 5*k = 12 + h. What are the prime factors of k?
11
Let i = 56 - 1. Suppose 3*p - 3*j = 39, 4*j + 11 - i = -4*p. What are the prime factors of p?
2, 3
Let d be 9/4 + (-2)/8. Suppose -u - 21 = 5*s, -d*s = 5*u - s - 15. Suppose 7 + 5 = u*w. List the prime factors of w.
3
Let l(t) be the first derivative of 5*t**3/3 + t**2/2 + t + 4. List the prime factors of l(2).
23
Let m(v) be the second derivative of -4*v**2 - 1/2*v**3 + 0 + 7/12*v**4 - 1/20*v**5 + 2*v. List the prime factors of m(6).
2, 5
Suppose 0 = 96*g - 99*g + 288. What are the prime factors of g?
2, 3
Suppose 2 - 4 = -t. Suppose 0 = -z - j + 5, -15 = t*z + 3*z - 3*j. Suppose z + 5 = o. What are the prime factors of o?
5
Let f be (-5)/(-1) - 1/1. Suppose 135 = -3*x + 12*x. What are the prime factors of 65/x - f/(-6)?
5
Let p = 267 - -154. What are the prime factors of p?
421
Let x = -18 + 14. List the prime factors of 315/10 - 2/x.
2
Suppose -32*c = -28*c - 380. What are the prime factors of c?
5, 19
Suppose 22 = -k + 65. What are the prime factors of k?
43
Suppose h + 4 = 5. Let y be h*6*(-20)/(-12). Suppose 0 = 4*w - 2*w - y. List the prime factors of w.
5
List the prime factors of 76/(-8)*(-6)/1.
3, 19
Let x = 1 - 1. Suppose x = -2*h + p - 6*p - 29, -22 = h + 4*p. What are the prime factors of 66/9 - h/3?
2
Let c(o) = -o**3 + 5*o**2 + o - 5. Let l be c(5). Suppose -3*v + 3*x - 3 = l, 2 + 23 = -5*x. What are the prime factors of (v - (-1 - 0))*-1?
5
Let l(j) = -j + 3. Let b be l(-9). Let x be 1/((-2)/(b/(-3))). Suppose 4*v + x*r + 2 = 0, -4*v + 6 = -r - 7. What are the prime factors of v?
2
Let j = 1 + 8. What are the prime factors of (1 + 2)*66/j?
2, 11
Let r(b) = b**2 - 2*b - 2. What are the prime factors of r(6)?
2, 11
Suppose 4*j - 62 = -10. Suppose v + 0*f + 1 = 3*f, -3*v + j = -5*f. What are the prime factors of v?
11
Suppose -2*x - 4 = -3*c, 4*c = -2*x - 4 - 28. List the prime factors of (-38)/x - 2/(-8).
5
Let j be (24/42)/(4/14). Suppose -34 = -2*i + 2*m, -2*i = j*i - 2*m - 70. List the prime factors of i.
2, 3
What are the prime factors of 41 + 3 + 0/(-4)?
2, 11
Suppose -18 = -2*t + 8. Let q be (2/(-3))/((-2)/(-6)). Let o = q + t. What are the prime factors of o?
11
Suppose 6*p - 1 = 17. Suppose 48 = p*d - 105. List the prime factors of d.
3, 17
Suppose 4*v + 0*v + 4*p = 144, 5*v - 4*p = 153. Let h = v + -55. List the prime factors of 35/11 + 4/h.
3
Suppose -t + 2*x + 3 = -3, 0 = -3*t + 5*x + 22. Suppose 3*c = c + t. List the prime factors of c.
7
Suppose -3*d = -d - 2*s - 178, 4*s = 3*d - 265. List the prime factors of d.
7, 13
Suppose 0 = y - 5*t - 4 - 17, -2*t + 24 = 5*y. Let j be (3/y)/((-1)/4). What are the prime factors of ((-88)/12)/(j/3)?
11
Let b(a) = 21*a - 37. What are the prime factors of b(17)?
2, 5
Suppose 10 = d - 10. What are the prime factors of d?
2, 5
Let f be 2/9 - (-7)/9. Suppose f = -n + 15. List the prime factors of n.
2, 7
Let h(u) = 20*u**2 - 1. Let m be h(1). Let r = 7 - m. What are the prime factors of r*1/((-12)/15)?
3, 5
Let m = 11 + -7. Suppose -8*j + m*j = -4*b + 40, -b = j - 20. What are the prime factors of b?
3, 5
Suppose 5*j - 11 - 4 = 0. Let f(o) = 0*o - j*o + 0*o - 1. List the prime factors of f(-4).
11
Let n = 105 + -37. What are the prime factors of n?
2, 17
Suppose 5*k - 5*f + 4*f = -130, 0 = 2*k - 4*f + 52. Let g = k + 40. Suppose 2*b + 5*w - g = 0, 0*b + 3*w = -2*b + 10. What are the prime factors of b?
2
Let i(q) = q**2 - 6*q + 7. Let c be i(7). Suppose -2*t + c = 4*w - 18, -4*t - 5*w = -49. Suppose 2*j + 0 - t = 0. What are the prime factors of j?
3
Suppose s = 4*a + 21, -a - 1 = -2*a. What are the prime factors of s?
5
Suppose 2*c - 5*c = 3*s - 39, -4*c = -s + 8. Let x = 22 - s. What are the prime factors of x?
2, 5
Suppose 5*i + 24 = d, 2*d - d = i + 8. Suppose -2*m + d = 3*w - 9, 2*w + 66 = 4*m. What are the prime factors of m?
2, 7
Suppose -4*b + 10 = -5*b. Let f be b/(-15) + 2/(-3). Suppose 49 = 4*a - 4*t + 1, f = -t - 1. List the prime factors of a.
11
Let w = -28 + 61. Suppose -5*x + w = -2*x. List the prime factors of x.
11
Let t be (-6)/21 + (-16)/(-7). Let v = t - 0. Suppose v*u = -u + 27. What are the prime factors of u?
3
Suppose 3*l + 2*l = -10, -3*w + 5*l = 56. List the prime factors of w*1/6*-6.
2, 11
Suppose 4*s + 74 = u, -2*u + 24 = -3*s - 34. What are the prime factors of 12/s*51/(-2)?
17
Let g be 120/(-9)*24/(-5). Suppose 4*y - 2*k - g = 0, -5*y - k = 1 - 88. What are the prime factors of y?
17
Let v = -15 - -66. What are the prime factors of v?
3, 17
Suppose 5*v = 2*v + 3*b + 489, v + 2*b = 166. List the prime factors of v.
2, 41
Suppose 0 = -0*i - i + 5*s + 134, 5 = -s. What are the prime factors of i?
109
Let b be (-92)/(-10) + (-8)/40. Suppose -4*y + b*y - 130 = 0. List the prime factors of y.
2, 13
Let u = 26 + -6. Suppose -2*i + u = 4*v, -2*i - 4*v = -2*v - 28. List the prime factors of i.
2, 3
Let x(j) = -j + 11. Let v = -2 - -9. List the prime factors of x(v).
2
Let l(w) = 19 + 2*w**3 - 2*w**2 - 2*w - 9 - 8. List the prime factors of l(2).
2, 3
Let o(d) = d**3 + 10*d**2 + 4*d - 12. List the prime factors of o(-9).
3, 11
Let f(c) = c**3 + 14*c**2 - 4*c - 9. What are the prime factors of f(-14)?
47
Let i(c) = c**2 - c - 2. List the prime factors of i(-6).
2, 5
Suppose -4*m = -3 - 21. Suppose -m*d = -2*d - 72. List the prime factors of d.
2, 3
Suppose 3*i + m = 115, 89 = 4*i - 2*m - 51. What are the prime factors of i?
37
Let q(s) be the third derivative of s**4/24 + s**3/6 + s**2. Let t be q(5). Suppose -2*r + t*r = 28. List the prime factors of r.
7
Let t be 27/6 - 2/4. Suppose 3*q = 5*y + 9 + 17, -t*y - 11 = -q. List the prime factors of q.
7
Suppose 3*v = -3*z + 63, 5*z - z + 5*v = 89. Suppose -4*y - 4*h = -2*h - 16, -4*h - z = 0. List the prime factors of y.
2, 3
Suppose -2*a + 37 - 3 = 0. What are the prime factors of a?
17
What are the prime factors of 88/6 + 2/6?
3, 5
What are the prime factors of 0 - 2 - (-672)/2?
2, 167
List the prime factors of ((-90)/24)/(4/(-112)).
3, 5, 7
Suppose 22 = 2*h + 3*i, -h - i + 5*i - 11 = 0. Suppose -h*x = -0*x - y - 120, -y = 0. List the prime factors of x.
2, 3
Let n = 11 + 70. What are the prime factors of n?
3
Let q(d) = d + 6. Let a(l) = 2*l + 12. Let v(f) = -4*a(f) + 9*q(f). List the prime factors of v(0).
2, 3
List the prime factors of 5/(-10) - (45/(-2) - 1).
23
Suppose 3*x - p + 4*p = -6, 0 = 4*x - p - 2. Let n be (-5)/(0 - (-1 + x)). List the prime factors of (-4 - n)*1*11.
11
Let i(d) = -d**3 + 7*d**2 - 1